{"id":323,"date":"2021-08-27T11:34:33","date_gmt":"2021-08-27T11:34:33","guid":{"rendered":"http:\/\/dummy.xtemos.com\/woodmart2\/elementor\/?post_type=product&#038;p=323"},"modified":"2025-11-17T17:16:51","modified_gmt":"2025-11-17T17:16:51","slug":"roemer","status":"publish","type":"product","link":"http:\/\/www.bibelshop.org\/?product=roemer","title":{"rendered":"Rubin: R\u00f6mer"},"content":{"rendered":"<p>Es freut mich sehr, dass du hierhergekommen bist um dir diesen Kurs anzuschauen! Das. was du hier siehst ist die Arbeit von mehr als 12 Monaten Bibelstudium und Computerarbeit.<\/p>\n<p>Dieser Kurs ist vom Aufbau ein wenig anders als viele andere Kurse. Das Anliegen ist hier nicht Hintergr\u00fcnde, Auslegungsvarianten und Interpretationen des R\u00f6merbriefes zu vermitteln. Vielmehr soll dieser Kurs dich dazu motivieren, im Bibeltext genau hinzuschauen.<\/p>\n<p>Alle Fragen die im Kurs gestellt werden, sind aus den Versen der Bibel entnommen, deswegen findest du auch alle Antworten in deiner Bibel. Als Vorlage diente die \u00dcbersetzung der Schlachter 2000. Deswegen wird es f\u00fcr dich auch am sinnvollsten sein, mit dieser \u00dcbersetzung den R\u00f6merbrief zu studieren- dadurch verstehst du auch besser, worauf die Fragen hinauslaufen.<\/p>\n<p>Wichtig ist, dass du die Fragen chronologisch bearbeitest. Manchmal bauen Fragen aufeinander auf und nur wenn du die vorige Frage beantwortet hast, kannst du die n\u00e4chste auch beantworten.<\/p>\n<p>Ich w\u00fcnsche dir viel Freude und Gottes Segen in der Besch\u00e4ftigung mit seinem Wort.<\/p>\n<h4 style=\"font-weight: 100;\">Was bedeutet die Rubin-Studienreihe?<\/h4>\n<p>Der R\u00f6merbrief sollte \u2013<em>sub conditione jacobaea<\/em>\u2013 nicht der Letzte seiner Art sein. Das Lukasevangelium und die Korintherbriefe sind bereits sehr weit fortgeschritten. Wenn es soweit ist und Gott will und wir leben, werden auch diese auf Gladium Spiritus ver\u00f6ffentlicht werden. Alle Studienhefte findest du dann unter der Rubrik Rubin STR.<\/p>\n<p>&nbsp;<\/p>\n","protected":false},"excerpt":{"rendered":"<p>Der etwas andere R\u00f6mer-Bibelkurs: Hier werden nicht Auslegungen und Interpretationen des R\u00f6merbriefs vorgestellt. Nein, einfach nur Fragen zu dem Wort Gottes- nicht mehr und nicht weniger. Deswegen ist er auch so einfach und wirksam.<\/p>\n<p><a href=\"https:\/\/www.etgladium.de\/buecher\/bibelkurs-zur-roemer-studienreihe-rubin\/\">Beitrag Gladium Spiritus<\/a><\/p>\n<p><a href=\"https:\/\/www.etgladium.de\/wp-content\/uploads\/2021\/06\/Der-Brief-des-Paulus-an-die-Roemer-Bibelkurs.pdf\">PDF Download<\/a><\/p>\n","protected":false},"featured_media":29281,"comment_status":"open","ping_status":"closed","template":"","meta":[],"product_brand":[],"product_cat":[37,44],"product_tag":[],"class_list":{"0":"post-323","1":"product","2":"type-product","3":"status-publish","4":"has-post-thumbnail","6":"product_cat-bibelstudium","7":"product_cat-rubinstr","8":"product_shipping_class-buecher-und-zeitschriften","10":"first","11":"instock","12":"taxable","13":"shipping-taxable","14":"purchasable","15":"product-type-variable"},"jetpack_sharing_enabled":true,"_links":{"self":[{"href":"http:\/\/www.bibelshop.org\/index.php?rest_route=\/wp\/v2\/product\/323","targetHints":{"allow":["GET"]}}],"collection":[{"href":"http:\/\/www.bibelshop.org\/index.php?rest_route=\/wp\/v2\/product"}],"about":[{"href":"http:\/\/www.bibelshop.org\/index.php?rest_route=\/wp\/v2\/types\/product"}],"replies":[{"embeddable":true,"href":"http:\/\/www.bibelshop.org\/index.php?rest_route=%2Fwp%2Fv2%2Fcomments&post=323"}],"version-history":[{"count":4,"href":"http:\/\/www.bibelshop.org\/index.php?rest_route=\/wp\/v2\/product\/323\/revisions"}],"predecessor-version":[{"id":29162,"href":"http:\/\/www.bibelshop.org\/index.php?rest_route=\/wp\/v2\/product\/323\/revisions\/29162"}],"wp:featuredmedia":[{"embeddable":true,"href":"http:\/\/www.bibelshop.org\/index.php?rest_route=\/wp\/v2\/media\/29281"}],"wp:attachment":[{"href":"http:\/\/www.bibelshop.org\/index.php?rest_route=%2Fwp%2Fv2%2Fmedia&parent=323"}],"wp:term":[{"taxonomy":"product_brand","embeddable":true,"href":"http:\/\/www.bibelshop.org\/index.php?rest_route=%2Fwp%2Fv2%2Fproduct_brand&post=323"},{"taxonomy":"product_cat","embeddable":true,"href":"http:\/\/www.bibelshop.org\/index.php?rest_route=%2Fwp%2Fv2%2Fproduct_cat&post=323"},{"taxonomy":"product_tag","embeddable":true,"href":"http:\/\/www.bibelshop.org\/index.php?rest_route=%2Fwp%2Fv2%2Fproduct_tag&post=323"}],"curies":[{"name":"wp","href":"https:\/\/api.w.org\/{rel}","templated":true}]}}